6 is divided by (28/(-35))/(m/(-10))?
6
Let i = -1091 + 1130. Calculate the remainder when 70 is divided by i.
31
Let h = -12 + 18. Suppose -44 = -h*o + 298. What is the remainder when o is divided by 12?
9
Let c(g) be the third derivative of 19*g**4/24 - 7*g**3/3 - 17*g**2. Calculate the remainder when 69 is divided by c(2).
21
Calculate the remainder when 198 is divided by (-1675)/(-25) - (-4 + 12).
21
Calculate the remainder when 176 is divided by 19 + -30 + 1 + 45.
1
Suppose 3*g = 35 + 28. Let q(k) = -5*k + 30. Let c(y) = 6*y - 31. Let p(f) = 4*c(f) + 5*q(f). Calculate the remainder when g is divided by p(14).
9
Suppose 2*x + 16 = 2*f, -13 + 32 = 5*f + 2*x. Suppose -26 = -f*o - 6. Calculate the remainder when 11 is divided by o.
3
What is the remainder when 96 is divided by (-1)/(5/(-155)) + 4/(-1)?
15
Let r(p) = 35*p**3 + p**2 + p - 1. Let o be r(1). Suppose 3*g - o - 117 = 0. Suppose -g = -4*y + 273. What is the remainder when y is divided by 21?
18
Let f = -936 + 994. What is the remainder when 105 is divided by f?
47
Let k be 4/6*18/4. Suppose 3 = 2*m - m + 2*w, m - 4*w = k. Suppose 2*t = -m*t + 45. Calculate the remainder when 17 is divided by t.
8
Suppose 0 = 2*q + 2*j - 14, -3*q + 26 = -j + 1. Calculate the remainder when 36 is divided by q.
4
Suppose 5 = 3*d - 47*f + 48*f, 0 = -3*d - 5*f - 11. What is the remainder when 247 is divided by d?
1
Suppose 3*f - 4*f = -9. Suppose -29 = -10*d + f*d. Calculate the remainder when d is divided by 15.
14
Let s(d) = -3*d**3 - 13*d**2 - 13*d + 5. Calculate the remainder when 313 is divided by s(-4).
26
Suppose -4*o - 29 = -r, 2*o = 4*r + o - 71. Let v(l) = -5*l + 33. Calculate the remainder when v(0) is divided by (-1 - 1 - -3)*r.
16
Suppose 5*o - 15 - 141 = 4*h, -5*o + 158 = -2*h. Calculate the remainder when 187 is divided by o.
27
Let g(b) = -3*b**2 - 4*b - 3. Let f be g(-2). Let x(q) = q**3 + 7*q**2 - 2*q - 1. Let l = 15418 + -15368. What is the remainder when l is divided by x(f)?
11
Suppose 22*f - 4980 = 19*f - 4*n, 8300 = 5*f + 3*n. Calculate the remainder when f is divided by 104.
100
Let s(o) = 2*o - 12 + 1 + 2*o - 2*o. Let m be s(7). Suppose -3*y = 5*q + 1 - 8, -m = y + 3*q. Calculate the remainder when 15 is divided by y.
6
Suppose -4 = 2*t - 10, -p + t = -242. Suppose 21*y - 1358 = -p. Calculate the remainder when 210 is divided by y.
51
Suppose 5*q - 130 + 155 = 3*y, 0 = -5*q - 10. Calculate the remainder when 189 is divided by y.
4
Let r(v) = -7*v**3 - v**2 - 3*v - 1. Let o be r(-2). Let k = -44 + o. What is the remainder when 50 is divided by k?
11
Calculate the remainder when 79 is divided by 2 - 4/(-12)*57.
16
Suppose -11 = -3*n + 5*k, k = -0*k + 2. Let m = 43 + -31. Calculate the remainder when m is divided by n.
5
Let t be 176/10 + 2/(-35)*-7. Suppose -p + t = p. Calculate the remainder when 15 is divided by p.
6
Calculate the remainder when 62 is divided by 18/(-36) + 90/4.
18
Let u(s) = -s**3 - 12*s**2 + s - 33. What is the remainder when u(-14) is divided by 114?
3
Suppose 15*l - 3384 - 7521 = 0. What is the remainder when l is divided by 9?
7
Let u(w) = -3*w**3 + 70*w**2 - 21*w - 8. What is the remainder when 334 is divided by u(23)?
30
Suppose 0 = -p - 1 + 9. Suppose 4*i = -2*v - 4, -2*i + 4 = -i - 2*v. Suppose 4*y = -i*y + 52. What is the remainder when y is divided by p?
5
Suppose -4*m + 281 = 21. What is the remainder when m is divided by 30?
5
Let z(c) = -7*c**3 - 8*c**2 - 4*c + 10. Let d(o) = -6*o**3 - 8*o**2 - 3*o + 9. Let p(h) = -6*d(h) + 5*z(h). What is the remainder when 94 is divided by p(-8)?
10
Let w be 4 - (5 + 1) - -14. What is the remainder when w/9*98/8*6 is divided by 25?
23
Suppose 5*k - s - 79 = 0, 2*k - 5*s = -2*k + 80. Suppose 1168 + 681 = 16*w + 201. What is the remainder when w is divided by k?
13
Let p(z) = 2*z**2 + 6*z + 2. What is the remainder when (62 - (2 - -1))*1 is divided by p(-4)?
9
Let v(t) = -18*t - 14. Calculate the remainder when 86 is divided by v(-2).
20
Suppose -4*n + 2*j + 42 = n, 8 = 2*j. What is the remainder when 45 is divided by n?
5
Let c(n) = -n - 18. Let f be c(-18). Suppose f*w = -w + 35. Calculate the remainder when 243 is divided by w.
33
Suppose -4*o + 0*o + 976 = 4*n, -5*o - 748 = -3*n. What is the remainder when n is divided by 31?
29
Suppose 17*i - 12*i = 20. Let q = -12 + 10. Calculate the remainder when (i - 5)*q - -21 is divided by 6.
5
Suppose -55*g = -57*g + 120. What is the remainder when 170 is divided by g?
50
Suppose 0 = 29*c - 586 - 168. Calculate the remainder when 742 is divided by c.
14
Let b = 53 - 47. Suppose -b*f = -f - 125. Calculate the remainder when (-291)/(-4) + 1/4 is divided by f.
23
Let l = -3668 + 3702. Calculate the remainder when l is divided by 4/6*78/4.
8
Let x(y) = -y**3 + 40*y**2 + 41*y + 48. Calculate the remainder when x(41) is divided by 14.
6
Let o = 2 + 119. Suppose -118 = d - o. What is the remainder when 30/4 - (-2)/4 is divided by d?
2
Let x = -8 + 17. Suppose -19 = -3*b + 5*l, -4*l - 25 = -2*b - x. Calculate the remainder when 4 is divided by (8 - 2)*(-1)/b.
1
Let j = -47 - -49. Suppose j*r = 6*r - 60. What is the remainder when r is divided by 3/((6/(-8))/(-1))?
3
Let h(q) = 7*q**2 - 3. Let u(j) = -4*j - 27. Let o be u(-6). What is the remainder when h(o) is divided by 13?
8
Suppose 19 = -3*n + 25. What is the remainder when 54 is divided by (8/10)/n + 848/80?
10
Let h = -45 - -50. Suppose -121 = -h*c + 19. Calculate the remainder when c is divided by 8.
4
Let q = 91 - 39. What is the remainder when q is divided by 45?
7
Let l = 2570 + -2548. What is the remainder when 611 is divided by l?
17
Let k = 385 - 321. What is the remainder when k is divided by 395/30 + (-1)/6?
12
Let q = 34 + -11. What is the remainder when 44 is divided by q?
21
Suppose 0*c = 4*c - 16. Suppose -i - 27 = -c*i. Calculate the remainder when (-8)/(-12)*(-99)/(-2) is divided by i.
6
Suppose 3*j - r = -6*r - 76, -4*r = 4*j + 104. Let x = j - -48. Calculate the remainder when x is divided by 8.
5
Suppose 191 = 4*b + 35. Let p = -17 + b. What is the remainder when 65 is divided by p?
21
Calculate the remainder when 72 - -1 - (0 + -1) is divided by 26.
22
Suppose 6 = -13*o + 15*o. Suppose 0 = -o*r + 148 - 142. Calculate the remainder when 9 is divided by r.
1
Let a be ((-3)/(-6))/(1/18). Let v(z) = z**3 - 8*z**2 - 3*z - 22. Calculate the remainder when v(a) is divided by 18.
14
Let a(q) = -q**3 + 8*q**2 - q - 8. Let o be a(4). Let p be (-2)/(-7) - o/(-14). Calculate the remainder when 118/p - (-8)/(-16) is divided by 16.
13
Suppose 4*z = -3*n + 76, -3*n = -n - z - 36. Suppose 0 = 5*x - 7*x + n. Calculate the remainder when 19 is divided by x.
9
What is the remainder when 213 is divided by (-5)/(-6) + 1573/78 + -6?
3
Let s = -5459 + 5480. Suppose 33 = z - 89. Calculate the remainder when z is divided by s.
17
Suppose 0 = -3*n + 5*n - 3*z - 22, -22 = -2*n - 3*z. Let j = n + 0. Let p = 40 + -20. What is the remainder when p is divided by j?
9
Let g(d) = 2*d**2 - 43*d + 275. Calculate the remainder when 316 is divided by g(8).
21
Let t(n) be the first derivative of -n**4 - 4*n**3/3 + n**2/2 + n - 1. Let i be ((-3)/3)/1*(-2 - -5). What is the remainder when t(i) is divided by 18?
16
Let u = -247 - 48. Let g be ((-2)/1)/(-2)*u. Calculate the remainder when 2/4 + g/(-10) is divided by 8.
6
Let n(s) = -s**3 + 13*s**2 + 7*s - 55. What is the remainder when n(13) is divided by 9?
0
Suppose -7471 + 755 = -46*o. What is the remainder when o is divided by 21?
20
Let r = -2187 + 2239. What is the remainder when r is divided by 13?
0
Calculate the remainder when 440 is divided by (-5)/1*333/(-45).
33
Suppose 4*v = 2*j + 9*v - 1200, j = -v + 603. What is the remainder when j is divided by 199?
8
Let a(x) = x**3 - 3*x - 2. Let d be a(-2). What is the remainder when (4 - 3)*7*3 is divided by (2/5)/(d/(-80))?
5
Let s = 148 + -117. Calculate the remainder when 153 is divided by s.
29
Let b be (-3166)/(-6) + 10/30. Suppose 10*s - b = -6*s. Calculate the remainder when 162 is divided by s.
30
Let k(o) = -o**3 - 7*o**2 - 10*o - 6. Let j be k(-6). Let f = 30 - j. Let p(s) = s**3 + 9*s**2 + s - 6. Calculate the remainder when p(-3) is divided by f.
9
Let i = 123 - 15. Calculate the remainder when i is divided by 40.
28
Let o(d)